+ 290. What is y(7)?
3
Let y(d) = 5*d - 9. Let h = 229 + -232. Let x(o) = 2*o - 4. Let m(l) = h*y(l) + 7*x(l). What is m(-1)?
0
Let b = -85781 + 85788. Let h(g) = -g**2 - 6*g - 5. Let k be h(-5). Let l(u) = -u + k*u**2 + 8*u - u**2. What is l(b)?
0
Let o be (-1521)/(-78) - (-26)/(-4). Let k(n) = 2*n**2 - 28*n + 21. Give k(o).
-5
Let h(b) be the second derivative of b**4/12 - 17*b**3/6 + 9*b**2 - 5553*b. Calculate h(16).
2
Let j(d) = d**2 + 7*d. Let q(v) = v**2 + v - 53. Let n be q(-8). Let g be -4 - (n - (16/4)/4). Determine j(g).
-6
Let n(z) = -z**3 - 9*z**2 + 6*z + 21. Let k be n(-9). Let u be (-65)/(-55) + 6/k. Let j(b) = -5*b**2 - u + 3*b + 4*b**2 - 2*b - 3*b**2. Give j(-2).
-19
Let g(y) = 607*y - 31 - 7*y**2 - 16*y**2 + 567*y - 1149*y - 17 + y**3. Determine g(22).
18
Let p(n) = -25*n**2 + 3*n + 12. Let c(z) be the third derivative of 11*z**5/60 - z**4/24 - z**3 - 3*z**2 - 22*z. Let x(q) = -9*c(q) - 4*p(q). What is x(4)?
10
Let b = 213 + -208. Let d(l) be the third derivative of -l**7/5040 + 7*l**6/720 - l**5/20 - 13*l**2. Let g(n) be the third derivative of d(n). Determine g(b).
2
Let c(z) = -14*z**2 - 3*z - 54 + 15*z**2 - 12*z + 8. Determine c(18).
8
Suppose -26*j + 110 = -31*j. Let l be (-2)/(-6) - 77/(-3). Let c = l + j. Let g(h) = -2*h + 5. What is g(c)?
-3
Let t(m) be the second derivative of m**3/3 + m**2 + 2*m. Let k(o) = -13*o**3 + 5*o**2 - 3*o + 6. Let h be k(2). Let u be (-3)/(h/16)*7. What is t(u)?
10
Let s be 2/(-16) - 7735/520. Let h(l) be the third derivative of l**6/120 + 7*l**5/30 - 2*l**4/3 - 19*l**3/6 - 21*l**2 + 2*l. What is h(s)?
-4
Let w(x) = -x + 4. Let o(g) = g**3 + 18*g + 34*g**2 - 58 - 15*g + 28*g. Let b be o(-33). Give w(b).
-4
Let q(w) = 2*w - 73. Let n(p) = -11*p + 148. Let g(x) = 2*n(x) + 5*q(x). What is g(-4)?
-21
Let j(t) = -t**2 + 7*t - 9. Let z be 24000/(-108) - (-6)/27. Let o = 227 + z. Determine j(o).
1
Suppose -w + 4*p = -7, -5*p + 110 = 2*w + 3*w. Let k(t) = 638 + 21*t - 620 - w*t. Calculate k(-9).
0
Let w(x) = -7*x + 72. Let r be w(10). Let i(z) = 31 - r*z - 40 + 17 + 0*z. Calculate i(4).
0
Let q(b) be the third derivative of 0*b - b**2 + 2/3*b**3 + 3 - 1/60*b**5 + 1/24*b**4. Suppose -d + f = 3, f + 12 = -4*d - f. Give q(d).
-8
Let q(s) = s**2 + 5*s - 12. Suppose d = -g - 978, 20*d + 966 = -g + 22*d. Let j = g + 967. Calculate q(j).
2
Let q(p) = -p**3 + 4. Suppose -61*a + a = 63*a. Calculate q(a).
4
Let i(l) = -3*l**2 - l. Suppose -2*h = -3*h + 5. Let o = 1755 - 1752. Suppose 2*y = -o*y + h. Determine i(y).
-4
Let q(h) = h + 7. Let o be q(-3). Suppose o*y = 2*m + 14, -3*m + 4 - 3 = 5*y. Let j be (-5)/45 - m/27. Let n(s) = -s + 5. What is n(j)?
5
Let y(b) = b**2 - 10*b - 1. Let t(p) = -p + 1. Let m(n) = 6*t(n) - y(n). What is m(-5)?
-38
Let d(c) = -14*c**3 + 21*c**2 - c + 15. Let t(z) = 5*z**3 - 7*z**2 - 5. Let s(o) = 6*d(o) + 17*t(o). Let q be (2 - 3 - 8) + (-203)/(-203). Calculate s(q).
-11
Let g(u) = -25205 - 4*u + 25191 + 3*u. Suppose -k + 80 = 84. Give g(k).
-10
Let p(n) = n**3 + 7*n**2 - 12. Let h be p(-6). Let r be (19/(114/h))/(1/2). Let m(w) = -w**2 + 8*w - 3. What is m(r)?
-3
Let c be 73 + (1 - 4) + (-1 - -3). Let y be 7/((-11)/((-748)/c) + -1). Suppose -y = -2*s - 107. Let x(v) = -2*v**2 + 8*v - 1. Give x(s).
-25
Let r(h) = h**3 - h**2 - 5*h - 2. Let q(b) = 2*b + 8. Let j be q(-5). Let l(c) = -c**3 + 4*c + 1. Let s(n) = j*r(n) - 3*l(n). Give s(-3).
-2
Let o(m) be the third derivative of -m**6/40 + m**5/20 + m**4/24 - 2*m**3/3 + 60*m**2 + 13*m + 1. What is o(-2)?
30
Let i = -1979 + 1970. Let o(r) = 3*r + 8. Let m(j) = -16*j - 39. Let n(v) = -2*m(v) - 11*o(v). Determine n(i).
-1
Let d(h) = -9*h**2 + 2*h + 1. Suppose 4*w + 25 = 3*m, -3*w = 4*m - 0*w. Suppose -4*c + 26 = 5*u, -5 = c - 4. Let r be -2 + -1 + u/m. Determine d(r).
-10
Let s(z) = -18*z - 69. Let l be s(-4). Let c(t) be the third derivative of -7*t**2 + 0*t - 1/24*t**4 - 1/6*t**3 + 1/20*t**5 + 0. Calculate c(l).
23
Suppose 1951*u + 24 = 1957*u. Let r(f) = -4*f**2 + u + 14*f**3 + f**2 - 3 + 3*f**3 + f**2. Calculate r(1).
16
Let p(w) be the third derivative of -w**4/6 - w**3/2 - 292*w**2. Let d = -46 + 43. Determine p(d).
9
Let v(t) = -8*t**2 + 193*t - 10. Let r(y) = -5*y**2 + 97*y - 5. Let q(a) = 13*r(a) - 6*v(a). Determine q(6).
1
Let j(f) = -f**2 + 7*f - 1. Let w(d) = d**2 + 14*d + 11. Let g be w(-14). Suppose -g*t + 737 = 264. Suppose 5*a - t + 8 = 0. What is j(a)?
-1
Let y(o) = o**2 - 77*o - 1716. Let m be y(-18). Let u(x) = -x**3 - 3*x**2 + 5*x + 8. Determine u(m).
86
Let p(h) = h**2 + 18*h - 13. Let b(r) = r**3 + 52*r**2 - 692*r + 46. Let a be b(-63). What is p(a)?
-30
Let r(o) = -o**3 + 13*o**2 - 31*o + 19. Let w = 13684 + -13674. What is r(w)?
9
Let q(y) = y + 0*y**2 + 2*y**2 - 2 - y**2. Let w = 203 - 171. Suppose -49*s - w = -33*s. Give q(s).
0
Let d(a) = -a**3 + 6*a**2 + 5*a + 9. Suppose 20*y = 13*y + 7. Let o be (-1 - (-3 + -5))*y. What is d(o)?
-5
Let b(m) = m**3 + 9*m**2 + 9*m - 7. Suppose 0 = -16*a + 11*a + 840. Suppose 8*c = -13*c - a. What is b(c)?
-15
Let t = -692 - -1612. Let i(h) = 4*h + t - 4*h + 2*h**2 - 921. What is i(-1)?
1
Let g(s) = -408*s + 248*s - 69 + 170*s. Determine g(7).
1
Let b(j) = 9*j**3 + j**2 - 2*j + 1. Let v be -7 - (224/(-8) + 5). Suppose -v + 7 = -9*y. What is b(y)?
9
Let k(w) = 9*w**2 + 56*w**3 + 2 - 3*w**2 + 2*w**2 - 5*w**2 - 31*w**3 - 2*w - 24*w**3. Let b = -13 + 9. Determine k(b).
-6
Let d(z) = 64*z - 1 + 3 - 66*z - 7. Let u be (-102)/14 + 4/14. Calculate d(u).
9
Let y(q) be the second derivative of 66 - 12*q**2 - 1/6*q**3 + q. Determine y(0).
-24
Let v(c) be the second derivative of -7/12*c**4 - 1/2*c**2 - 65*c - c**3 + 0 + 1/20*c**5. Give v(8).
15
Let t(m) = -2 - 628*m + 638*m + m**3 + 0 + 4*m**2 + 4*m**2 + 1. Calculate t(-6).
11
Let x(w) = w**3 + 8*w**2 - 9*w - 9. Let y(f) = 24*f + 29. Let v(a) = -24*a - 33. Let o(u) = 7*v(u) + 6*y(u). Let d be o(-2). What is x(d)?
-9
Let g be (-10)/(-2) + 0 + -1. Let d(w) = w**2 - 7*w + 1. Let h(t) = -3*t**2 + 23*t - 3. Suppose -24 = -13*x - 115. Let v(f) = x*d(f) - 2*h(f). What is v(g)?
-5
Let h(y) = -27*y - 123. Let u(r) = -2*r - 20. Let s(i) = -h(i) + 7*u(i). What is s(-8)?
-121
Let t(r) = 2*r + 1. Let d(b) = -b**3 - 17*b**2 - 27*b + 47. Let a be d(-15). Suppose 5*k - 2*k - a*y = -5, 0 = 4*k - y. What is t(k)?
3
Let r(x) be the second derivative of 9/2*x**2 + 1 + 1/3*x**3 - 47*x. Calculate r(-7).
-5
Let t(j) = -j + 15. Let s = 657 - 653. Suppose 0*g - s*g - 55 = -5*y, y - 11 = 3*g. Determine t(y).
4
Let y(g) = 4*g**2 - 3*g - 2. Suppose 5*t + 4*q = -6, -11*t - 5*q = -6*t + 5. What is y(t)?
20
Let u(j) = -j**3 - 6*j**2 + 6*j + 2. Let c(i) = 546*i**3 - 2*i**2 - 3*i. Let t be c(-1). Let v = t - -538. Determine u(v).
9
Let j(t) = -t**2 - 28*t - 183. Let i be j(-10). Let r(y) = 2*y**2 + 5*y + 10. Give r(i).
13
Suppose -5*k + 0*m - 2*m - 9 = 0, 0 = -2*k + 5*m + 8. Suppose -g + 2*r + 18 = 0, -g + 0*r = r - 3. Let t = g - k. Let p(a) = a + 2. Determine p(t).
11
Let x(z) be the second derivative of z**7/1260 + z**6/360 - z**5/40 - z**4/12 + 5*z**3/6 - 67*z. Let m(g) be the third derivative of x(g). What is m(-3)?
9
Let a(n) = n**3 - 6*n**2 - 6*n - 9. Let x = -117 + 72. Let r be x/(-24) + 4/32. Suppose -b = -9 + r. Determine a(b).
-2
Let g(j) be the third derivative of -1 + 0*j + 9*j**2 + 5/24*j**4 - 1/60*j**5 + 2/3*j**3. Give g(5).
4
Let k(b) = 9*b**3 - b**2 - 2. Let z be k(2). Suppose -7*p = -15634 + 16068. Let l = z + p. Let y(h) = -h - 1. What is y(l)?
-5
Suppose 18 = 2*r - 2*y, -2*r + y = -2*y - 22. Let z(a) = -7*a + 12. What is z(r)?
-23
Let h(j) be the third derivative of -j**5/20 + 5*j**4/8 + 19*j**3/6 + j**2 + 74*j. What is h(6)?
1
Suppose -3*o = 18, 0 = 4*c + 3*o - 5*o - 84. Let h(g) = -g**3 + 17*g**2 + 22*g - 61. Give h(c).
11
Let d(b) be the first derivative of -b**3/3 + 3*b**2 + 3*b + 1074. Let i be (-4)/10 + (-108)/(-20). Suppose -2*h + 7 = -i. Determine d(h).
3
Let r(x) = -11*x**2 - 13 - x**3 + 0*x**2 + 8 - x. Suppose -3*g - 37 = p, -7*g + 5*p - 2 = -5*g. What is r(g)?
6
Let a(u) = 9*u + 14. Let o = -3064 + 3059. Determine a(o).
-31
Let i(j) be the first derivative of -j**3/3 - 13*j**2 + 81*j + 147. Let d be i(-29). Let c(l) = l - 13. Determine c(d).
-19
Let o(z) = -z**3 + 2*z**2 - z + 2. Let r(j) = 3*j**3 - 18*j**2 - 2*j + 58. Let m(k) = -2*o(